{"version":"1.0","provider_name":"Architekt\u016bros fondas","provider_url":"https:\/\/archfondas.lt\/en\/","author_name":"aiste","author_url":"https:\/\/archfondas.lt\/en\/author\/aiste\/","title":"\u201eKeliaujan\u010dios Architekt\u016bros Dirbtuv\u0117s\u201c exhibits in Malm\u00f6 &#8211; Architekt\u016bros fondas","type":"rich","width":600,"height":338,"html":"<blockquote class=\"wp-embedded-content\" data-secret=\"jcF5US2Qiq\"><a href=\"https:\/\/archfondas.lt\/en\/keliaujancios-architekturos-dirbtuves-dalyvauja-parodoje-malmeje\/\">\u201eKeliaujan\u010dios Architekt\u016bros Dirbtuv\u0117s\u201c exhibits in Malm\u00f6<\/a><\/blockquote><iframe sandbox=\"allow-scripts\" security=\"restricted\" src=\"https:\/\/archfondas.lt\/en\/keliaujancios-architekturos-dirbtuves-dalyvauja-parodoje-malmeje\/embed\/#?secret=jcF5US2Qiq\" width=\"600\" height=\"338\" title=\"&#8220;\u201eKeliaujan\u010dios Architekt\u016bros Dirbtuv\u0117s\u201c exhibits in Malm\u00f6&#8221; &#8212; Architekt\u016bros fondas\" data-secret=\"jcF5US2Qiq\" frameborder=\"0\" marginwidth=\"0\" marginheight=\"0\" scrolling=\"no\" class=\"wp-embedded-content\"><\/iframe><script type=\"text\/javascript\">\n\/* <![CDATA[ *\/\n\/*! This file is auto-generated *\/\n!function(d,l){\"use strict\";l.querySelector&&d.addEventListener&&\"undefined\"!=typeof URL&&(d.wp=d.wp||{},d.wp.receiveEmbedMessage||(d.wp.receiveEmbedMessage=function(e){var t=e.data;if((t||t.secret||t.message||t.value)&&!\/[^a-zA-Z0-9]\/.test(t.secret)){for(var s,r,n,a=l.querySelectorAll('iframe[data-secret=\"'+t.secret+'\"]'),o=l.querySelectorAll('blockquote[data-secret=\"'+t.secret+'\"]'),c=new RegExp(\"^https?:$\",\"i\"),i=0;i<o.length;i++)o[i].style.display=\"none\";for(i=0;i<a.length;i++)s=a[i],e.source===s.contentWindow&&(s.removeAttribute(\"style\"),\"height\"===t.message?(1e3<(r=parseInt(t.value,10))?r=1e3:~~r<200&&(r=200),s.height=r):\"link\"===t.message&&(r=new URL(s.getAttribute(\"src\")),n=new URL(t.value),c.test(n.protocol))&&n.host===r.host&&l.activeElement===s&&(d.top.location.href=t.value))}},d.addEventListener(\"message\",d.wp.receiveEmbedMessage,!1),l.addEventListener(\"DOMContentLoaded\",function(){for(var e,t,s=l.querySelectorAll(\"iframe.wp-embedded-content\"),r=0;r<s.length;r++)(t=(e=s[r]).getAttribute(\"data-secret\"))||(t=Math.random().toString(36).substring(2,12),e.src+=\"#?secret=\"+t,e.setAttribute(\"data-secret\",t)),e.contentWindow.postMessage({message:\"ready\",secret:t},\"*\")},!1)))}(window,document);\n\/* ]]> *\/\n<\/script>\n","thumbnail_url":"https:\/\/archfondas.lt\/wp-content\/uploads\/2023\/09\/IG_POST-01-768x768.png","thumbnail_width":768,"thumbnail_height":768,"description":"In 2022 Architekt\u016bros fondas (Lithuania) together with V\u00e4xtv\u00e4rket (Sweden) and Aiming Spaces (Denmark) created the Traveling Architecture Network (TAN) &#8211; a collective of organizations that believe participation should not stop at the design and planning phase but rather that co-creative processes of public spaces should include the users such as local communities or children and [&hellip;]"}

Architektūros fondas

„Keliaujančios Architektūros Dirbtuvės“ exhibits in Malmö &#8211; Architektūros fondas

<blockquote class="wp-embedded-content" data-secret="jcF5US2Qiq"><a href="https://archfondas.lt/en/keliaujancios-architekturos-dirbtuves-dalyvauja-parodoje-malmeje/">„Keliaujančios Architektūros Dirbtuvės“ exhibits in Malmö</a></blockquote><iframe sandbox="allow-scripts" security="restricted" src="https://archfondas.lt/en/keliaujancios-architekturos-dirbtuves-dalyvauja-parodoje-malmeje/embed/#?secret=jcF5US2Qiq" width="600" height="338" title="&#8220;„Keliaujančios Architektūros Dirbtuvės“ exhibits in Malmö&#8221; &#8212; Architektūros fondas" data-secret="jcF5US2Qiq" frameborder="0" marginwidth="0" marginheight="0" scrolling="no" class="wp-embedded-content"></iframe><script type="text/javascript">
/* <![CDATA[ */
/*! This file is auto-generated */
!function(d,l){"use strict";l.querySelector&&d.addEventListener&&"undefined"!=typeof URL&&(d.wp=d.wp||{},d.wp.receiveEmbedMessage||(d.wp.receiveEmbedMessage=function(e){var t=e.data;if((t||t.secret||t.message||t.value)&&!/[^a-zA-Z0-9]/.test(t.secret)){for(var s,r,n,a=l.querySelectorAll('iframe[data-secret="'+t.secret+'"]'),o=l.querySelectorAll('blockquote[data-secret="'+t.secret+'"]'),c=new RegExp("^https?:$","i"),i=0;i<o.length;i++)o[i].style.display="none";for(i=0;i<a.length;i++)s=a[i],e.source===s.contentWindow&&(s.removeAttribute("style"),"height"===t.message?(1e3<(r=parseInt(t.value,10))?r=1e3:~~r<200&&(r=200),s.height=r):"link"===t.message&&(r=new URL(s.getAttribute("src")),n=new URL(t.value),c.test(n.protocol))&&n.host===r.host&&l.activeElement===s&&(d.top.location.href=t.value))}},d.addEventListener("message",d.wp.receiveEmbedMessage,!1),l.addEventListener("DOMContentLoaded",function(){for(var e,t,s=l.querySelectorAll("iframe.wp-embedded-content"),r=0;r<s.length;r++)(t=(e=s[r]).getAttribute("data-secret"))||(t=Math.random().toString(36).substring(2,12),e.src+="#?secret="+t,e.setAttribute("data-secret",t)),e.contentWindow.postMessage({message:"ready",secret:t},"*")},!1)))}(window,document);
/* ]]> */
</script>

In 2022 Architektūros fondas (Lithuania) together with Växtvärket (Sweden) and Aiming Spaces (Denmark) created the Traveling Architecture Network (TAN) &#8211; a collective of organizations that believe participation should not stop at the design and planning phase but rather that co-creative processes of public spaces should include the users such as local communities or children and [&hellip;]
